{"id":682,"date":"2023-06-21T10:02:33","date_gmt":"2023-06-21T10:02:33","guid":{"rendered":"https:\/\/www.eikholt.no\/?page_id=682"},"modified":"2025-06-25T12:15:10","modified_gmt":"2025-06-25T12:15:10","slug":"om-os","status":"publish","type":"page","link":"https:\/\/www.eikholt.no\/da\/om-os\/","title":{"rendered":"Om os"},"content":{"rendered":"<div class=\"wp-block-sail-video-modal\"><button class=\"--modal-button\"><img decoding=\"async\" src=\"\/app\/themes\/eikholt\/public\/images\/wave.338e86.svg\" alt=\"Finial-ikon\"\/>Video med tegnsprog<\/button><div class=\"--modal --hidden\" role=\"dialog\" aria-label=\"dialog\" aria-modal=\"true\"><div class=\"--modal-content\"><video id=\"modalVideo\" controls src=\"https:\/\/www.eikholt.no\/app\/uploads\/2023\/06\/Om_oss_optimalisert-2.mp4\"><\/video><button class=\"--close-modal-button\" aria-label=\"lukket\"><img decoding=\"async\" src=\"\/app\/themes\/eikholt\/public\/images\/close.dbfa19.svg\" alt=\"lukkeikon\"\/><\/button><\/div><\/div><\/div>\n\n\n\n<p>Vi har stor erfaring med at arbejde med mennesker med kombineret syns- og h\u00f8reneds\u00e6ttelse, og vi ved, at det kan give store udfordringer for brugerne. Derfor arbejder vi t\u00e6t sammen med brugerne og deres p\u00e5r\u00f8rende for at g\u00f8re hverdagen med kombineret syns- og h\u00f8reneds\u00e6ttelse s\u00e5 behagelig som muligt.&nbsp;<\/p>\n\n\n\n<p>Hos Eikholt tror vi p\u00e5 at se muligheder frem for begr\u00e6nsninger. Vi \u00f8nsker, at vores g\u00e6ster skal f\u00f8le sig hjemme og inkluderet i et milj\u00f8, der er dedikeret til at styrke dem og deres evne til at leve et meningsfuldt og uafh\u00e6ngigt liv.<\/p>\n\n\n\n<p>Vi tilbyder en bred vifte af ydelser, herunder habilitering, rehabilitering, r\u00e5dgivning, kurser og tr\u00e6ning. Vores m\u00e5l er at give alle vores g\u00e6ster en tryg og omsorgsfuld atmosf\u00e6re, der hj\u00e6lper dem med at udvikle sig og forbedre deres livskvalitet.&nbsp;<\/p>\n\n\n\n<p>Ud over at v\u00e6re et ressourcecenter for brugere er Eikholt et kompetencecenter med bred viden om syns- og h\u00f8reneds\u00e6ttelse\/d\u00f8vblindhed. Vi arbejder l\u00f8bende med kompetenceudvikling, forskning og formidling. Hos Eikholt anerkender vi potentialet i den enkelte, og vi deler og udvikler ny viden og udforsker nye muligheder.<br><br>Vores kurser og tjenester er gratis for brugere og deres p\u00e5r\u00f8rende. NAV d\u00e6kker ogs\u00e5 rejseudgifter og udgifter til en ledsager, hvis det er n\u00f8dvendigt.&nbsp;<\/p>\n\n\n\n<p>Vi giver gerne r\u00e5d, vejledning, undervisning og foredrag til faglige milj\u00f8er og faglige uddannelser i hele landet.&nbsp;<\/p>\n\n\n\n<p>Kontakt os i dag for at se, hvad vi kan g\u00f8re for dig.<\/p>\n\n\n\n<p><\/p>","protected":false},"excerpt":{"rendered":"<p>Vi har stor erfaring med at arbejde med mennesker med kombineret syns- og h\u00f8reneds\u00e6ttelse, og vi ved, at det kan give store udfordringer for brugerne. Derfor arbejder vi t\u00e6t sammen med brugerne og deres p\u00e5r\u00f8rende for at g\u00f8re hverdagen med kombineret syns- og h\u00f8reneds\u00e6ttelse s\u00e5 behagelig som muligt.  Hos Eikholt tror vi p\u00e5 at se muligheder i stedet for<\/p>","protected":false},"author":1,"featured_media":0,"parent":0,"menu_order":0,"comment_status":"closed","ping_status":"closed","template":"templates\/about-us.blade.php","meta":{"_acf_changed":false,"inline_featured_image":false,"ep_exclude_from_search":false,"footnotes":""},"class_list":["post-682","page","type-page","status-publish","hentry"],"acf":[],"yoast_head":"<!-- This site is optimized with the Yoast SEO plugin v25.8 - https:\/\/yoast.com\/wordpress\/plugins\/seo\/ -->\n<title>Om oss - Eikholt<\/title>\n<meta name=\"description\" content=\"Eikholt er et nasjonalt ressurssenter for personer med kombinert syns- og h\u00f8rselsnedsettelse\/d\u00f8vblindhet, og inng\u00e5r i Nasjonal kompetansetjeneste for d\u00f8vblinde.\" \/>\n<meta name=\"robots\" content=\"index, follow, max-snippet:-1, max-image-preview:large, max-video-preview:-1\" \/>\n<link rel=\"canonical\" href=\"https:\/\/www.eikholt.no\/da\/om-os\/\" \/>\n<meta property=\"og:locale\" content=\"da_DK\" \/>\n<meta property=\"og:type\" content=\"article\" \/>\n<meta property=\"og:title\" content=\"Om oss - Eikholt\" \/>\n<meta property=\"og:description\" content=\"Eikholt er et nasjonalt ressurssenter for personer med kombinert syns- og h\u00f8rselsnedsettelse\/d\u00f8vblindhet, og inng\u00e5r i Nasjonal kompetansetjeneste for d\u00f8vblinde.\" \/>\n<meta property=\"og:url\" content=\"https:\/\/www.eikholt.no\/da\/om-os\/\" \/>\n<meta property=\"og:site_name\" content=\"Eikholt\" \/>\n<meta property=\"article:publisher\" content=\"https:\/\/www.facebook.com\/eikholt.kompetansesenter\" \/>\n<meta property=\"article:modified_time\" content=\"2025-06-25T12:15:10+00:00\" \/>\n<meta name=\"twitter:card\" content=\"summary_large_image\" \/>\n<meta name=\"twitter:label1\" content=\"Est. reading time\" \/>\n\t<meta name=\"twitter:data1\" content=\"2 minutes\" \/>\n<script type=\"application\/ld+json\" class=\"yoast-schema-graph\">{\"@context\":\"https:\/\/schema.org\",\"@graph\":[{\"@type\":\"WebPage\",\"@id\":\"https:\/\/www.eikholt.no\/om-oss\/\",\"url\":\"https:\/\/www.eikholt.no\/om-oss\/\",\"name\":\"Om oss - Eikholt\",\"isPartOf\":{\"@id\":\"https:\/\/www.eikholt.no\/#website\"},\"datePublished\":\"2023-06-21T10:02:33+00:00\",\"dateModified\":\"2025-06-25T12:15:10+00:00\",\"description\":\"Eikholt er et nasjonalt ressurssenter for personer med kombinert syns- og h\u00f8rselsnedsettelse\/d\u00f8vblindhet, og inng\u00e5r i Nasjonal kompetansetjeneste for d\u00f8vblinde.\",\"breadcrumb\":{\"@id\":\"https:\/\/www.eikholt.no\/om-oss\/#breadcrumb\"},\"inLanguage\":\"da-DK\",\"potentialAction\":[{\"@type\":\"ReadAction\",\"target\":[\"https:\/\/www.eikholt.no\/om-oss\/\"]}]},{\"@type\":\"BreadcrumbList\",\"@id\":\"https:\/\/www.eikholt.no\/om-oss\/#breadcrumb\",\"itemListElement\":[{\"@type\":\"ListItem\",\"position\":1,\"name\":\"Forside\",\"item\":\"https:\/\/www.eikholt.no\/\"},{\"@type\":\"ListItem\",\"position\":2,\"name\":\"Om oss\"}]},{\"@type\":\"WebSite\",\"@id\":\"https:\/\/www.eikholt.no\/#website\",\"url\":\"https:\/\/www.eikholt.no\/\",\"name\":\"Eikholt\",\"description\":\"\",\"publisher\":{\"@id\":\"https:\/\/www.eikholt.no\/#organization\"},\"potentialAction\":[{\"@type\":\"SearchAction\",\"target\":{\"@type\":\"EntryPoint\",\"urlTemplate\":\"https:\/\/www.eikholt.no\/?s={search_term_string}\"},\"query-input\":{\"@type\":\"PropertyValueSpecification\",\"valueRequired\":true,\"valueName\":\"search_term_string\"}}],\"inLanguage\":\"da-DK\"},{\"@type\":\"Organization\",\"@id\":\"https:\/\/www.eikholt.no\/#organization\",\"name\":\"Eikholt\",\"url\":\"https:\/\/www.eikholt.no\/\",\"logo\":{\"@type\":\"ImageObject\",\"inLanguage\":\"da-DK\",\"@id\":\"https:\/\/www.eikholt.no\/#\/schema\/logo\/image\/\",\"url\":\"https:\/\/www.eikholt.no\/app\/uploads\/2024\/04\/cropped-Logo-Eikholt-ny.jpg\",\"contentUrl\":\"https:\/\/www.eikholt.no\/app\/uploads\/2024\/04\/cropped-Logo-Eikholt-ny.jpg\",\"width\":419,\"height\":209,\"caption\":\"Eikholt\"},\"image\":{\"@id\":\"https:\/\/www.eikholt.no\/#\/schema\/logo\/image\/\"},\"sameAs\":[\"https:\/\/www.facebook.com\/eikholt.kompetansesenter\"]}]}<\/script>\n<!-- \/ Yoast SEO plugin. -->","yoast_head_json":{"title":"Om os - Eikholt","description":"Eikholt er et nationalt ressourcecenter for personer med kombineret syns- og h\u00f8reneds\u00e6ttelse\/d\u00f8vblindhed og er en del af den norske nationale r\u00e5dgivningsenhed for d\u00f8vblindhed.","robots":{"index":"index","follow":"follow","max-snippet":"max-snippet:-1","max-image-preview":"max-image-preview:large","max-video-preview":"max-video-preview:-1"},"canonical":"https:\/\/www.eikholt.no\/da\/om-os\/","og_locale":"da_DK","og_type":"article","og_title":"Om oss - Eikholt","og_description":"Eikholt er et nasjonalt ressurssenter for personer med kombinert syns- og h\u00f8rselsnedsettelse\/d\u00f8vblindhet, og inng\u00e5r i Nasjonal kompetansetjeneste for d\u00f8vblinde.","og_url":"https:\/\/www.eikholt.no\/da\/om-os\/","og_site_name":"Eikholt","article_publisher":"https:\/\/www.facebook.com\/eikholt.kompetansesenter","article_modified_time":"2025-06-25T12:15:10+00:00","twitter_card":"summary_large_image","twitter_misc":{"Est. reading time":"2 minutes"},"schema":{"@context":"https:\/\/schema.org","@graph":[{"@type":"WebPage","@id":"https:\/\/www.eikholt.no\/om-oss\/","url":"https:\/\/www.eikholt.no\/om-oss\/","name":"Om os - Eikholt","isPartOf":{"@id":"https:\/\/www.eikholt.no\/#website"},"datePublished":"2023-06-21T10:02:33+00:00","dateModified":"2025-06-25T12:15:10+00:00","description":"Eikholt er et nationalt ressourcecenter for personer med kombineret syns- og h\u00f8reneds\u00e6ttelse\/d\u00f8vblindhed og er en del af den norske nationale r\u00e5dgivningsenhed for d\u00f8vblindhed.","breadcrumb":{"@id":"https:\/\/www.eikholt.no\/om-oss\/#breadcrumb"},"inLanguage":"da-DK","potentialAction":[{"@type":"ReadAction","target":["https:\/\/www.eikholt.no\/om-oss\/"]}]},{"@type":"BreadcrumbList","@id":"https:\/\/www.eikholt.no\/om-oss\/#breadcrumb","itemListElement":[{"@type":"ListItem","position":1,"name":"Forside","item":"https:\/\/www.eikholt.no\/"},{"@type":"ListItem","position":2,"name":"Om oss"}]},{"@type":"WebSite","@id":"https:\/\/www.eikholt.no\/#website","url":"https:\/\/www.eikholt.no\/","name":"Eikholt","description":"","publisher":{"@id":"https:\/\/www.eikholt.no\/#organization"},"potentialAction":[{"@type":"SearchAction","target":{"@type":"EntryPoint","urlTemplate":"https:\/\/www.eikholt.no\/?s={search_term_string}"},"query-input":{"@type":"PropertyValueSpecification","valueRequired":true,"valueName":"search_term_string"}}],"inLanguage":"da-DK"},{"@type":"Organization","@id":"https:\/\/www.eikholt.no\/#organization","name":"Eikholt","url":"https:\/\/www.eikholt.no\/","logo":{"@type":"ImageObject","inLanguage":"da-DK","@id":"https:\/\/www.eikholt.no\/#\/schema\/logo\/image\/","url":"https:\/\/www.eikholt.no\/app\/uploads\/2024\/04\/cropped-Logo-Eikholt-ny.jpg","contentUrl":"https:\/\/www.eikholt.no\/app\/uploads\/2024\/04\/cropped-Logo-Eikholt-ny.jpg","width":419,"height":209,"caption":"Eikholt"},"image":{"@id":"https:\/\/www.eikholt.no\/#\/schema\/logo\/image\/"},"sameAs":["https:\/\/www.facebook.com\/eikholt.kompetansesenter"]}]}},"_links":{"self":[{"href":"https:\/\/www.eikholt.no\/da\/wp-json\/wp\/v2\/pages\/682","targetHints":{"allow":["GET"]}}],"collection":[{"href":"https:\/\/www.eikholt.no\/da\/wp-json\/wp\/v2\/pages"}],"about":[{"href":"https:\/\/www.eikholt.no\/da\/wp-json\/wp\/v2\/types\/page"}],"author":[{"embeddable":true,"href":"https:\/\/www.eikholt.no\/da\/wp-json\/wp\/v2\/users\/1"}],"replies":[{"embeddable":true,"href":"https:\/\/www.eikholt.no\/da\/wp-json\/wp\/v2\/comments?post=682"}],"version-history":[{"count":21,"href":"https:\/\/www.eikholt.no\/da\/wp-json\/wp\/v2\/pages\/682\/revisions"}],"predecessor-version":[{"id":4825,"href":"https:\/\/www.eikholt.no\/da\/wp-json\/wp\/v2\/pages\/682\/revisions\/4825"}],"wp:attachment":[{"href":"https:\/\/www.eikholt.no\/da\/wp-json\/wp\/v2\/media?parent=682"}],"curies":[{"name":"wp","href":"https:\/\/api.w.org\/{rel}","templated":true}]}}

<div class="wp-block-sail-video-modal"><button class="--modal-button"><img decoding="async" src="/app/themes/eikholt/public/images/wave.338e86.svg" alt="Finial-ikon"/>Video med tegnsprog</button><div class="--modal --hidden" role="dialog" aria-label="dialog" aria-modal="true"><div class="--modal-content"><video id="modalVideo" controls src="https://www.eikholt.no/app/uploads/2023/06/Om_oss_optimalisert-2.mp4"></video><button class="--close-modal-button" aria-label="lukket"><img decoding="async" src="/app/themes/eikholt/public/images/close.dbfa19.svg" alt="lukkeikon"/></button></div></div></div>



<p>Vi har stor erfaring med at arbejde med mennesker med kombineret syns- og hørenedsættelse, og vi ved, at det kan give store udfordringer for brugerne. Derfor arbejder vi tæt sammen med brugerne og deres pårørende for at gøre hverdagen med kombineret syns- og hørenedsættelse så behagelig som muligt.&nbsp;</p>



<p>Hos Eikholt tror vi på at se muligheder frem for begrænsninger. Vi ønsker, at vores gæster skal føle sig hjemme og inkluderet i et miljø, der er dedikeret til at styrke dem og deres evne til at leve et meningsfuldt og uafhængigt liv.</p>



<p>Vi tilbyder en bred vifte af ydelser, herunder habilitering, rehabilitering, rådgivning, kurser og træning. Vores mål er at give alle vores gæster en tryg og omsorgsfuld atmosfære, der hjælper dem med at udvikle sig og forbedre deres livskvalitet.&nbsp;</p>



<p>Ud over at være et ressourcecenter for brugere er Eikholt et kompetencecenter med bred viden om syns- og hørenedsættelse/døvblindhed. Vi arbejder løbende med kompetenceudvikling, forskning og formidling. Hos Eikholt anerkender vi potentialet i den enkelte, og vi deler og udvikler ny viden og udforsker nye muligheder.<br><br>Vores kurser og tjenester er gratis for brugere og deres pårørende. NAV dækker også rejseudgifter og udgifter til en ledsager, hvis det er nødvendigt.&nbsp;</p>



<p>Vi giver gerne råd, vejledning, undervisning og foredrag til faglige miljøer og faglige uddannelser i hele landet.&nbsp;</p>



<p>Kontakt os i dag for at se, hvad vi kan gøre for dig.</p>



<p></p>

<p>Vi har stor erfaring med at arbejde med mennesker med kombineret syns- og hørenedsættelse, og vi ved, at det kan give store udfordringer for brugerne. Derfor arbejder vi tæt sammen med brugerne og deres pårørende for at gøre hverdagen med kombineret syns- og hørenedsættelse så behagelig som muligt.  Hos Eikholt tror vi på at se muligheder i stedet for</p>

<!-- This site is optimized with the Yoast SEO plugin v25.8 - https://yoast.com/wordpress/plugins/seo/ -->
<title>Om oss - Eikholt</title>
<meta name="description" content="Eikholt er et nasjonalt ressurssenter for personer med kombinert syns- og hørselsnedsettelse/døvblindhet, og inngår i Nasjonal kompetansetjeneste for døvblinde." />
<meta name="robots" content="index, follow, max-snippet:-1, max-image-preview:large, max-video-preview:-1" />
<link rel="canonical" href="https://www.eikholt.no/da/om-os/" />
<meta property="og:locale" content="da_DK" />
<meta property="og:type" content="article" />
<meta property="og:title" content="Om oss - Eikholt" />
<meta property="og:description" content="Eikholt er et nasjonalt ressurssenter for personer med kombinert syns- og hørselsnedsettelse/døvblindhet, og inngår i Nasjonal kompetansetjeneste for døvblinde." />
<meta property="og:url" content="https://www.eikholt.no/da/om-os/" />
<meta property="og:site_name" content="Eikholt" />
<meta property="article:publisher" content="https://www.facebook.com/eikholt.kompetansesenter" />
<meta property="article:modified_time" content="2025-06-25T12:15:10+00:00" />
<meta name="twitter:card" content="summary_large_image" />
<meta name="twitter:label1" content="Est. reading time" />
	<meta name="twitter:data1" content="2 minutes" />
<script type="application/ld+json" class="yoast-schema-graph">{"@context":"https://schema.org","@graph":[{"@type":"WebPage","@id":"https://www.eikholt.no/om-oss/","url":"https://www.eikholt.no/om-oss/","name":"Om oss - Eikholt","isPartOf":{"@id":"https://www.eikholt.no/#website"},"datePublished":"2023-06-21T10:02:33+00:00","dateModified":"2025-06-25T12:15:10+00:00","description":"Eikholt er et nasjonalt ressurssenter for personer med kombinert syns- og hørselsnedsettelse/døvblindhet, og inngår i Nasjonal kompetansetjeneste for døvblinde.","breadcrumb":{"@id":"https://www.eikholt.no/om-oss/#breadcrumb"},"inLanguage":"da-DK","potentialAction":[{"@type":"ReadAction","target":["https://www.eikholt.no/om-oss/"]}]},{"@type":"BreadcrumbList","@id":"https://www.eikholt.no/om-oss/#breadcrumb","itemListElement":[{"@type":"ListItem","position":1,"name":"Forside","item":"https://www.eikholt.no/"},{"@type":"ListItem","position":2,"name":"Om oss"}]},{"@type":"WebSite","@id":"https://www.eikholt.no/#website","url":"https://www.eikholt.no/","name":"Eikholt","description":"","publisher":{"@id":"https://www.eikholt.no/#organization"},"potentialAction":[{"@type":"SearchAction","target":{"@type":"EntryPoint","urlTemplate":"https://www.eikholt.no/?s={search_term_string}"},"query-input":{"@type":"PropertyValueSpecification","valueRequired":true,"valueName":"search_term_string"}}],"inLanguage":"da-DK"},{"@type":"Organization","@id":"https://www.eikholt.no/#organization","name":"Eikholt","url":"https://www.eikholt.no/","logo":{"@type":"ImageObject","inLanguage":"da-DK","@id":"https://www.eikholt.no/#/schema/logo/image/","url":"https://www.eikholt.no/app/uploads/2024/04/cropped-Logo-Eikholt-ny.jpg","contentUrl":"https://www.eikholt.no/app/uploads/2024/04/cropped-Logo-Eikholt-ny.jpg","width":419,"height":209,"caption":"Eikholt"},"image":{"@id":"https://www.eikholt.no/#/schema/logo/image/"},"sameAs":["https://www.facebook.com/eikholt.kompetansesenter"]}]}</script>
<!-- / Yoast SEO plugin. -->

Eikholt er et nationalt ressourcecenter for personer med kombineret syns- og hørenedsættelse/døvblindhed og er en del af den norske nationale rådgivningsenhed for døvblindhed.

Eikholt er et nasjonalt ressurssenter for personer med kombinert syns- og hørselsnedsettelse/døvblindhet, og inngår i Nasjonal kompetansetjeneste for døvblinde.
