{"id":1947,"date":"2024-09-19T07:50:51","date_gmt":"2024-09-19T07:50:51","guid":{"rendered":"https:\/\/www.eikholt.no\/?post_type=course&#038;p=1947"},"modified":"2024-10-03T10:09:46","modified_gmt":"2024-10-03T10:09:46","slug":"your-everyday-technical-life","status":"publish","type":"course","link":"https:\/\/www.eikholt.no\/en\/group-course\/your-everyday-technical-life\/","title":{"rendered":"Your everyday technical life"},"content":{"rendered":"<h2 class=\"wp-block-heading\">Who is the course suitable for:<\/h2>\n\n\n\n<p>This is a course for people with a combined visual and hearing impairment. The course is suitable for those who are curious and want to become more independent and confident in the use of technology.&nbsp;<\/p>\n\n\n\n<p>The course gives you basic knowledge of security and new technology\/artificial intelligence in a group setting. You also get individual sessions customised to your needs.\u00a0\u00a0<\/p>\n\n\n\n<h2 class=\"wp-block-heading\">Course content:<\/h2>\n\n\n\n<ul class=\"wp-block-list\">\n<li>Security and privacy basics\u00a0\u00a0\u00a0<\/li>\n\n\n\n<li>Basics of new technology\/artificial intelligence (AI)\u00a0<\/li>\n\n\n\n<li>Practical exercises customised to your needs.\u00a0\u00a0<\/li>\n\n\n\n<li>Sharing experiences along the way.\u00a0<\/li>\n<\/ul>","protected":false},"excerpt":{"rendered":"<p>Hvem passer kurset for: Dette er et kurs for deg som har kombinert syns- og h\u00f8rselsnedsettelse. Kurset egner seg for deg som er nysgjerrig og som \u00f8nsker \u00e5 bli mer selvstendig og trygg i bruk av teknologi.&nbsp; Kurset gir deg grunnleggende kunnskap om sikkerhet og ny teknologi\/kunstig intelligens i gruppe. Du f\u00e5r ogs\u00e5 individuelle \u00f8kter<\/p>","protected":false},"parent":0,"template":"","class_list":["post-1947","course","type-course","status-publish","hentry"],"acf":[],"yoast_head":"<!-- This site is optimized with the Yoast SEO plugin v25.8 - https:\/\/yoast.com\/wordpress\/plugins\/seo\/ -->\n<title>Din tekniske hverdag - Eikholt<\/title>\n<meta name=\"description\" content=\"Din tekniske hverdag er et gruppekurs for deg som har kombinert syns- og h\u00f8rselsnedsettelse, som \u00f8nsker \u00e5 bli mer selvstendig og trygg i bruk av teknologi. Les om kurset og meld din interesse her:\" \/>\n<meta name=\"robots\" content=\"index, follow, max-snippet:-1, max-image-preview:large, max-video-preview:-1\" \/>\n<link rel=\"canonical\" href=\"https:\/\/www.eikholt.no\/en\/course\/your-everyday-technical-life\/\" \/>\n<meta property=\"og:locale\" content=\"en_GB\" \/>\n<meta property=\"og:type\" content=\"article\" \/>\n<meta property=\"og:title\" content=\"Din tekniske hverdag - Eikholt\" \/>\n<meta property=\"og:description\" content=\"Din tekniske hverdag er et gruppekurs for deg som har kombinert syns- og h\u00f8rselsnedsettelse, som \u00f8nsker \u00e5 bli mer selvstendig og trygg i bruk av teknologi. Les om kurset og meld din interesse her:\" \/>\n<meta property=\"og:url\" content=\"https:\/\/www.eikholt.no\/en\/course\/your-everyday-technical-life\/\" \/>\n<meta property=\"og:site_name\" content=\"Eikholt\" \/>\n<meta property=\"article:publisher\" content=\"https:\/\/www.facebook.com\/eikholt.kompetansesenter\" \/>\n<meta property=\"article:modified_time\" content=\"2024-10-03T10:09:46+00:00\" \/>\n<meta name=\"twitter:card\" content=\"summary_large_image\" \/>\n<meta name=\"twitter:label1\" content=\"Est. reading time\" \/>\n\t<meta name=\"twitter:data1\" content=\"1 minute\" \/>\n<script type=\"application\/ld+json\" class=\"yoast-schema-graph\">{\"@context\":\"https:\/\/schema.org\",\"@graph\":[{\"@type\":\"WebPage\",\"@id\":\"https:\/\/www.eikholt.no\/kurs\/din-tekniske-hverdag\/\",\"url\":\"https:\/\/www.eikholt.no\/kurs\/din-tekniske-hverdag\/\",\"name\":\"Din tekniske hverdag - Eikholt\",\"isPartOf\":{\"@id\":\"https:\/\/www.eikholt.no\/#website\"},\"datePublished\":\"2024-09-19T07:50:51+00:00\",\"dateModified\":\"2024-10-03T10:09:46+00:00\",\"description\":\"Din tekniske hverdag er et gruppekurs for deg som har kombinert syns- og h\u00f8rselsnedsettelse, som \u00f8nsker \u00e5 bli mer selvstendig og trygg i bruk av teknologi. Les om kurset og meld din interesse her:\",\"breadcrumb\":{\"@id\":\"https:\/\/www.eikholt.no\/kurs\/din-tekniske-hverdag\/#breadcrumb\"},\"inLanguage\":\"en-GB\",\"potentialAction\":[{\"@type\":\"ReadAction\",\"target\":[\"https:\/\/www.eikholt.no\/kurs\/din-tekniske-hverdag\/\"]}]},{\"@type\":\"BreadcrumbList\",\"@id\":\"https:\/\/www.eikholt.no\/kurs\/din-tekniske-hverdag\/#breadcrumb\",\"itemListElement\":[{\"@type\":\"ListItem\",\"position\":1,\"name\":\"Forside\",\"item\":\"https:\/\/www.eikholt.no\/\"},{\"@type\":\"ListItem\",\"position\":2,\"name\":\"Gruppekurs\",\"item\":\"https:\/\/www.eikholt.no\/gruppekurs\/\"},{\"@type\":\"ListItem\",\"position\":3,\"name\":\"Din tekniske hverdag\"}]},{\"@type\":\"WebSite\",\"@id\":\"https:\/\/www.eikholt.no\/#website\",\"url\":\"https:\/\/www.eikholt.no\/\",\"name\":\"Eikholt\",\"description\":\"\",\"publisher\":{\"@id\":\"https:\/\/www.eikholt.no\/#organization\"},\"potentialAction\":[{\"@type\":\"SearchAction\",\"target\":{\"@type\":\"EntryPoint\",\"urlTemplate\":\"https:\/\/www.eikholt.no\/?s={search_term_string}\"},\"query-input\":{\"@type\":\"PropertyValueSpecification\",\"valueRequired\":true,\"valueName\":\"search_term_string\"}}],\"inLanguage\":\"en-GB\"},{\"@type\":\"Organization\",\"@id\":\"https:\/\/www.eikholt.no\/#organization\",\"name\":\"Eikholt\",\"url\":\"https:\/\/www.eikholt.no\/\",\"logo\":{\"@type\":\"ImageObject\",\"inLanguage\":\"en-GB\",\"@id\":\"https:\/\/www.eikholt.no\/#\/schema\/logo\/image\/\",\"url\":\"https:\/\/www.eikholt.no\/app\/uploads\/2024\/04\/cropped-Logo-Eikholt-ny.jpg\",\"contentUrl\":\"https:\/\/www.eikholt.no\/app\/uploads\/2024\/04\/cropped-Logo-Eikholt-ny.jpg\",\"width\":419,\"height\":209,\"caption\":\"Eikholt\"},\"image\":{\"@id\":\"https:\/\/www.eikholt.no\/#\/schema\/logo\/image\/\"},\"sameAs\":[\"https:\/\/www.facebook.com\/eikholt.kompetansesenter\"]}]}<\/script>\n<!-- \/ Yoast SEO plugin. -->","yoast_head_json":{"title":"Your everyday technical life - Eikholt","description":"Your technical everyday life is a group course for people with combined visual and hearing impairments who want to become more independent and confident in using technology. Read about the course and register your interest here:","robots":{"index":"index","follow":"follow","max-snippet":"max-snippet:-1","max-image-preview":"max-image-preview:large","max-video-preview":"max-video-preview:-1"},"canonical":"https:\/\/www.eikholt.no\/en\/course\/your-everyday-technical-life\/","og_locale":"en_GB","og_type":"article","og_title":"Din tekniske hverdag - Eikholt","og_description":"Din tekniske hverdag er et gruppekurs for deg som har kombinert syns- og h\u00f8rselsnedsettelse, som \u00f8nsker \u00e5 bli mer selvstendig og trygg i bruk av teknologi. Les om kurset og meld din interesse her:","og_url":"https:\/\/www.eikholt.no\/en\/course\/your-everyday-technical-life\/","og_site_name":"Eikholt","article_publisher":"https:\/\/www.facebook.com\/eikholt.kompetansesenter","article_modified_time":"2024-10-03T10:09:46+00:00","twitter_card":"summary_large_image","twitter_misc":{"Est. reading time":"1 minute"},"schema":{"@context":"https:\/\/schema.org","@graph":[{"@type":"WebPage","@id":"https:\/\/www.eikholt.no\/kurs\/din-tekniske-hverdag\/","url":"https:\/\/www.eikholt.no\/kurs\/din-tekniske-hverdag\/","name":"Your everyday technical life - Eikholt","isPartOf":{"@id":"https:\/\/www.eikholt.no\/#website"},"datePublished":"2024-09-19T07:50:51+00:00","dateModified":"2024-10-03T10:09:46+00:00","description":"Your technical everyday life is a group course for people with combined visual and hearing impairments who want to become more independent and confident in using technology. Read about the course and register your interest here:","breadcrumb":{"@id":"https:\/\/www.eikholt.no\/kurs\/din-tekniske-hverdag\/#breadcrumb"},"inLanguage":"en-GB","potentialAction":[{"@type":"ReadAction","target":["https:\/\/www.eikholt.no\/kurs\/din-tekniske-hverdag\/"]}]},{"@type":"BreadcrumbList","@id":"https:\/\/www.eikholt.no\/kurs\/din-tekniske-hverdag\/#breadcrumb","itemListElement":[{"@type":"ListItem","position":1,"name":"Forside","item":"https:\/\/www.eikholt.no\/"},{"@type":"ListItem","position":2,"name":"Gruppekurs","item":"https:\/\/www.eikholt.no\/gruppekurs\/"},{"@type":"ListItem","position":3,"name":"Din tekniske hverdag"}]},{"@type":"WebSite","@id":"https:\/\/www.eikholt.no\/#website","url":"https:\/\/www.eikholt.no\/","name":"Eikholt","description":"","publisher":{"@id":"https:\/\/www.eikholt.no\/#organization"},"potentialAction":[{"@type":"SearchAction","target":{"@type":"EntryPoint","urlTemplate":"https:\/\/www.eikholt.no\/?s={search_term_string}"},"query-input":{"@type":"PropertyValueSpecification","valueRequired":true,"valueName":"search_term_string"}}],"inLanguage":"en-GB"},{"@type":"Organization","@id":"https:\/\/www.eikholt.no\/#organization","name":"Eikholt","url":"https:\/\/www.eikholt.no\/","logo":{"@type":"ImageObject","inLanguage":"en-GB","@id":"https:\/\/www.eikholt.no\/#\/schema\/logo\/image\/","url":"https:\/\/www.eikholt.no\/app\/uploads\/2024\/04\/cropped-Logo-Eikholt-ny.jpg","contentUrl":"https:\/\/www.eikholt.no\/app\/uploads\/2024\/04\/cropped-Logo-Eikholt-ny.jpg","width":419,"height":209,"caption":"Eikholt"},"image":{"@id":"https:\/\/www.eikholt.no\/#\/schema\/logo\/image\/"},"sameAs":["https:\/\/www.facebook.com\/eikholt.kompetansesenter"]}]}},"_links":{"self":[{"href":"https:\/\/www.eikholt.no\/en\/wp-json\/wp\/v2\/course\/1947","targetHints":{"allow":["GET"]}}],"collection":[{"href":"https:\/\/www.eikholt.no\/en\/wp-json\/wp\/v2\/course"}],"about":[{"href":"https:\/\/www.eikholt.no\/en\/wp-json\/wp\/v2\/types\/course"}],"wp:attachment":[{"href":"https:\/\/www.eikholt.no\/en\/wp-json\/wp\/v2\/media?parent=1947"}],"curies":[{"name":"wp","href":"https:\/\/api.w.org\/{rel}","templated":true}]}}

<p>Hvem passer kurset for: Dette er et kurs for deg som har kombinert syns- og hørselsnedsettelse. Kurset egner seg for deg som er nysgjerrig og som ønsker å bli mer selvstendig og trygg i bruk av teknologi.&nbsp; Kurset gir deg grunnleggende kunnskap om sikkerhet og ny teknologi/kunstig intelligens i gruppe. Du får også individuelle økter</p>

<!-- This site is optimized with the Yoast SEO plugin v25.8 - https://yoast.com/wordpress/plugins/seo/ -->
<title>Din tekniske hverdag - Eikholt</title>
<meta name="description" content="Din tekniske hverdag er et gruppekurs for deg som har kombinert syns- og hørselsnedsettelse, som ønsker å bli mer selvstendig og trygg i bruk av teknologi. Les om kurset og meld din interesse her:" />
<meta name="robots" content="index, follow, max-snippet:-1, max-image-preview:large, max-video-preview:-1" />
<link rel="canonical" href="https://www.eikholt.no/en/course/your-everyday-technical-life/" />
<meta property="og:locale" content="en_GB" />
<meta property="og:type" content="article" />
<meta property="og:title" content="Din tekniske hverdag - Eikholt" />
<meta property="og:description" content="Din tekniske hverdag er et gruppekurs for deg som har kombinert syns- og hørselsnedsettelse, som ønsker å bli mer selvstendig og trygg i bruk av teknologi. Les om kurset og meld din interesse her:" />
<meta property="og:url" content="https://www.eikholt.no/en/course/your-everyday-technical-life/" />
<meta property="og:site_name" content="Eikholt" />
<meta property="article:publisher" content="https://www.facebook.com/eikholt.kompetansesenter" />
<meta property="article:modified_time" content="2024-10-03T10:09:46+00:00" />
<meta name="twitter:card" content="summary_large_image" />
<meta name="twitter:label1" content="Est. reading time" />
	<meta name="twitter:data1" content="1 minute" />
<script type="application/ld+json" class="yoast-schema-graph">{"@context":"https://schema.org","@graph":[{"@type":"WebPage","@id":"https://www.eikholt.no/kurs/din-tekniske-hverdag/","url":"https://www.eikholt.no/kurs/din-tekniske-hverdag/","name":"Din tekniske hverdag - Eikholt","isPartOf":{"@id":"https://www.eikholt.no/#website"},"datePublished":"2024-09-19T07:50:51+00:00","dateModified":"2024-10-03T10:09:46+00:00","description":"Din tekniske hverdag er et gruppekurs for deg som har kombinert syns- og hørselsnedsettelse, som ønsker å bli mer selvstendig og trygg i bruk av teknologi. Les om kurset og meld din interesse her:","breadcrumb":{"@id":"https://www.eikholt.no/kurs/din-tekniske-hverdag/#breadcrumb"},"inLanguage":"en-GB","potentialAction":[{"@type":"ReadAction","target":["https://www.eikholt.no/kurs/din-tekniske-hverdag/"]}]},{"@type":"BreadcrumbList","@id":"https://www.eikholt.no/kurs/din-tekniske-hverdag/#breadcrumb","itemListElement":[{"@type":"ListItem","position":1,"name":"Forside","item":"https://www.eikholt.no/"},{"@type":"ListItem","position":2,"name":"Gruppekurs","item":"https://www.eikholt.no/gruppekurs/"},{"@type":"ListItem","position":3,"name":"Din tekniske hverdag"}]},{"@type":"WebSite","@id":"https://www.eikholt.no/#website","url":"https://www.eikholt.no/","name":"Eikholt","description":"","publisher":{"@id":"https://www.eikholt.no/#organization"},"potentialAction":[{"@type":"SearchAction","target":{"@type":"EntryPoint","urlTemplate":"https://www.eikholt.no/?s={search_term_string}"},"query-input":{"@type":"PropertyValueSpecification","valueRequired":true,"valueName":"search_term_string"}}],"inLanguage":"en-GB"},{"@type":"Organization","@id":"https://www.eikholt.no/#organization","name":"Eikholt","url":"https://www.eikholt.no/","logo":{"@type":"ImageObject","inLanguage":"en-GB","@id":"https://www.eikholt.no/#/schema/logo/image/","url":"https://www.eikholt.no/app/uploads/2024/04/cropped-Logo-Eikholt-ny.jpg","contentUrl":"https://www.eikholt.no/app/uploads/2024/04/cropped-Logo-Eikholt-ny.jpg","width":419,"height":209,"caption":"Eikholt"},"image":{"@id":"https://www.eikholt.no/#/schema/logo/image/"},"sameAs":["https://www.facebook.com/eikholt.kompetansesenter"]}]}</script>
<!-- / Yoast SEO plugin. -->

Din tekniske hverdag er et gruppekurs for deg som har kombinert syns- og hørselsnedsettelse, som ønsker å bli mer selvstendig og trygg i bruk av teknologi. Les om kurset og meld din interesse her:
