{"id":933,"date":"2024-09-19T09:56:56","date_gmt":"2024-09-19T09:56:56","guid":{"rendered":"https:\/\/www.eikholt.no\/?post_type=course&#038;p=933"},"modified":"2025-02-21T11:41:06","modified_gmt":"2025-02-21T11:41:06","slug":"orientation-mobility","status":"publish","type":"course","link":"https:\/\/www.eikholt.no\/en\/group-course\/orientation-mobility\/","title":{"rendered":"Orientation and mobility"},"content":{"rendered":"<h2 class=\"wp-block-heading\">Who is the course suitable for:<\/h2>\n\n\n\n<p>This course is for people with combined visual and hearing impairments who want to increase their knowledge of mobility as a subject area.&nbsp;&nbsp;<\/p>\n\n\n\n<p>Are you curious and want to explore different tools and strategies?&nbsp;&nbsp;<\/p>\n\n\n\n<p>The course is held as a workshop. This means that you as a participant are involved in developing new knowledge and insights together with an interdisciplinary group of trainers. During the course, you will gain insight into various topics within orientation and mobility. The course content is adapted to the course participants.<\/p>\n\n\n\n<h2 class=\"wp-block-heading\">Course content:<\/h2>\n\n\n\n<ul class=\"wp-block-list\">\n<li>You'll learn how to utilise visual and auditory residue in orienteering\u00a0<\/li>\n\n\n\n<li>You want to try out traditional and new mobility aids\u00a0<\/li>\n\n\n\n<li>Practical tasks and exchange of experience\u00a0<\/li>\n<\/ul>","protected":false},"excerpt":{"rendered":"<p>Hvem passer kurset for: Dette kurset er for deg med kombinert syns- og h\u00f8rselsnedsettelse, og \u00f8nsker \u00f8kt kunnskap om mobilitet som fagomr\u00e5det.&nbsp;&nbsp; Er du nysgjerrig og vil utforske forskjellige hjelpemidler og strategier?&nbsp;&nbsp; Kurset holdes som en workshop. Det betyr at du som deltager er med p\u00e5 \u00e5 utvikle ny kunnskap og innsikt sammen med en<\/p>","protected":false},"parent":0,"template":"","class_list":["post-933","course","type-course","status-publish","hentry"],"acf":[],"yoast_head":"<!-- This site is optimized with the Yoast SEO plugin v25.8 - https:\/\/yoast.com\/wordpress\/plugins\/seo\/ -->\n<title>Orientering og mobilitet - Eikholt<\/title>\n<meta name=\"description\" content=\"Orientering og mobilitet er et gruppekurs for deg med kombinert syns- og h\u00f8rselsnedsettelse, og som \u00f8nsker \u00f8kt kunnskap om mobilitet som fagomr\u00e5det. Les om kurset og meld din interesse her:\" \/>\n<meta name=\"robots\" content=\"index, follow, max-snippet:-1, max-image-preview:large, max-video-preview:-1\" \/>\n<link rel=\"canonical\" href=\"https:\/\/www.eikholt.no\/en\/course\/orientation-mobility\/\" \/>\n<meta property=\"og:locale\" content=\"en_GB\" \/>\n<meta property=\"og:type\" content=\"article\" \/>\n<meta property=\"og:title\" content=\"Orientering og mobilitet - Eikholt\" \/>\n<meta property=\"og:description\" content=\"Orientering og mobilitet er et gruppekurs for deg med kombinert syns- og h\u00f8rselsnedsettelse, og som \u00f8nsker \u00f8kt kunnskap om mobilitet som fagomr\u00e5det. Les om kurset og meld din interesse her:\" \/>\n<meta property=\"og:url\" content=\"https:\/\/www.eikholt.no\/en\/course\/orientation-mobility\/\" \/>\n<meta property=\"og:site_name\" content=\"Eikholt\" \/>\n<meta property=\"article:publisher\" content=\"https:\/\/www.facebook.com\/eikholt.kompetansesenter\" \/>\n<meta property=\"article:modified_time\" content=\"2025-02-21T11:41:06+00:00\" \/>\n<meta name=\"twitter:card\" content=\"summary_large_image\" \/>\n<meta name=\"twitter:label1\" content=\"Est. reading time\" \/>\n\t<meta name=\"twitter:data1\" content=\"1 minute\" \/>\n<script type=\"application\/ld+json\" class=\"yoast-schema-graph\">{\"@context\":\"https:\/\/schema.org\",\"@graph\":[{\"@type\":\"WebPage\",\"@id\":\"https:\/\/www.eikholt.no\/kurs\/orientering-mobilitet\/\",\"url\":\"https:\/\/www.eikholt.no\/kurs\/orientering-mobilitet\/\",\"name\":\"Orientering og mobilitet - Eikholt\",\"isPartOf\":{\"@id\":\"https:\/\/www.eikholt.no\/#website\"},\"datePublished\":\"2024-09-19T09:56:56+00:00\",\"dateModified\":\"2025-02-21T11:41:06+00:00\",\"description\":\"Orientering og mobilitet er et gruppekurs for deg med kombinert syns- og h\u00f8rselsnedsettelse, og som \u00f8nsker \u00f8kt kunnskap om mobilitet som fagomr\u00e5det. Les om kurset og meld din interesse her:\",\"breadcrumb\":{\"@id\":\"https:\/\/www.eikholt.no\/kurs\/orientering-mobilitet\/#breadcrumb\"},\"inLanguage\":\"en-GB\",\"potentialAction\":[{\"@type\":\"ReadAction\",\"target\":[\"https:\/\/www.eikholt.no\/kurs\/orientering-mobilitet\/\"]}]},{\"@type\":\"BreadcrumbList\",\"@id\":\"https:\/\/www.eikholt.no\/kurs\/orientering-mobilitet\/#breadcrumb\",\"itemListElement\":[{\"@type\":\"ListItem\",\"position\":1,\"name\":\"Forside\",\"item\":\"https:\/\/www.eikholt.no\/\"},{\"@type\":\"ListItem\",\"position\":2,\"name\":\"Gruppekurs\",\"item\":\"https:\/\/www.eikholt.no\/gruppekurs\/\"},{\"@type\":\"ListItem\",\"position\":3,\"name\":\"Orientering og mobilitet\"}]},{\"@type\":\"WebSite\",\"@id\":\"https:\/\/www.eikholt.no\/#website\",\"url\":\"https:\/\/www.eikholt.no\/\",\"name\":\"Eikholt\",\"description\":\"\",\"publisher\":{\"@id\":\"https:\/\/www.eikholt.no\/#organization\"},\"potentialAction\":[{\"@type\":\"SearchAction\",\"target\":{\"@type\":\"EntryPoint\",\"urlTemplate\":\"https:\/\/www.eikholt.no\/?s={search_term_string}\"},\"query-input\":{\"@type\":\"PropertyValueSpecification\",\"valueRequired\":true,\"valueName\":\"search_term_string\"}}],\"inLanguage\":\"en-GB\"},{\"@type\":\"Organization\",\"@id\":\"https:\/\/www.eikholt.no\/#organization\",\"name\":\"Eikholt\",\"url\":\"https:\/\/www.eikholt.no\/\",\"logo\":{\"@type\":\"ImageObject\",\"inLanguage\":\"en-GB\",\"@id\":\"https:\/\/www.eikholt.no\/#\/schema\/logo\/image\/\",\"url\":\"https:\/\/www.eikholt.no\/app\/uploads\/2024\/04\/cropped-Logo-Eikholt-ny.jpg\",\"contentUrl\":\"https:\/\/www.eikholt.no\/app\/uploads\/2024\/04\/cropped-Logo-Eikholt-ny.jpg\",\"width\":419,\"height\":209,\"caption\":\"Eikholt\"},\"image\":{\"@id\":\"https:\/\/www.eikholt.no\/#\/schema\/logo\/image\/\"},\"sameAs\":[\"https:\/\/www.facebook.com\/eikholt.kompetansesenter\"]}]}<\/script>\n<!-- \/ Yoast SEO plugin. -->","yoast_head_json":{"title":"Orientation and mobility - Eikholt","description":"Orientation and Mobility is a group course for people with combined visual and hearing impairment who want to increase their knowledge of mobility as a subject area. Read about the course and register your interest here:","robots":{"index":"index","follow":"follow","max-snippet":"max-snippet:-1","max-image-preview":"max-image-preview:large","max-video-preview":"max-video-preview:-1"},"canonical":"https:\/\/www.eikholt.no\/en\/course\/orientation-mobility\/","og_locale":"en_GB","og_type":"article","og_title":"Orientering og mobilitet - Eikholt","og_description":"Orientering og mobilitet er et gruppekurs for deg med kombinert syns- og h\u00f8rselsnedsettelse, og som \u00f8nsker \u00f8kt kunnskap om mobilitet som fagomr\u00e5det. Les om kurset og meld din interesse her:","og_url":"https:\/\/www.eikholt.no\/en\/course\/orientation-mobility\/","og_site_name":"Eikholt","article_publisher":"https:\/\/www.facebook.com\/eikholt.kompetansesenter","article_modified_time":"2025-02-21T11:41:06+00:00","twitter_card":"summary_large_image","twitter_misc":{"Est. reading time":"1 minute"},"schema":{"@context":"https:\/\/schema.org","@graph":[{"@type":"WebPage","@id":"https:\/\/www.eikholt.no\/kurs\/orientering-mobilitet\/","url":"https:\/\/www.eikholt.no\/kurs\/orientering-mobilitet\/","name":"Orientation and mobility - Eikholt","isPartOf":{"@id":"https:\/\/www.eikholt.no\/#website"},"datePublished":"2024-09-19T09:56:56+00:00","dateModified":"2025-02-21T11:41:06+00:00","description":"Orientation and Mobility is a group course for people with combined visual and hearing impairment who want to increase their knowledge of mobility as a subject area. Read about the course and register your interest here:","breadcrumb":{"@id":"https:\/\/www.eikholt.no\/kurs\/orientering-mobilitet\/#breadcrumb"},"inLanguage":"en-GB","potentialAction":[{"@type":"ReadAction","target":["https:\/\/www.eikholt.no\/kurs\/orientering-mobilitet\/"]}]},{"@type":"BreadcrumbList","@id":"https:\/\/www.eikholt.no\/kurs\/orientering-mobilitet\/#breadcrumb","itemListElement":[{"@type":"ListItem","position":1,"name":"Forside","item":"https:\/\/www.eikholt.no\/"},{"@type":"ListItem","position":2,"name":"Gruppekurs","item":"https:\/\/www.eikholt.no\/gruppekurs\/"},{"@type":"ListItem","position":3,"name":"Orientering og mobilitet"}]},{"@type":"WebSite","@id":"https:\/\/www.eikholt.no\/#website","url":"https:\/\/www.eikholt.no\/","name":"Eikholt","description":"","publisher":{"@id":"https:\/\/www.eikholt.no\/#organization"},"potentialAction":[{"@type":"SearchAction","target":{"@type":"EntryPoint","urlTemplate":"https:\/\/www.eikholt.no\/?s={search_term_string}"},"query-input":{"@type":"PropertyValueSpecification","valueRequired":true,"valueName":"search_term_string"}}],"inLanguage":"en-GB"},{"@type":"Organization","@id":"https:\/\/www.eikholt.no\/#organization","name":"Eikholt","url":"https:\/\/www.eikholt.no\/","logo":{"@type":"ImageObject","inLanguage":"en-GB","@id":"https:\/\/www.eikholt.no\/#\/schema\/logo\/image\/","url":"https:\/\/www.eikholt.no\/app\/uploads\/2024\/04\/cropped-Logo-Eikholt-ny.jpg","contentUrl":"https:\/\/www.eikholt.no\/app\/uploads\/2024\/04\/cropped-Logo-Eikholt-ny.jpg","width":419,"height":209,"caption":"Eikholt"},"image":{"@id":"https:\/\/www.eikholt.no\/#\/schema\/logo\/image\/"},"sameAs":["https:\/\/www.facebook.com\/eikholt.kompetansesenter"]}]}},"_links":{"self":[{"href":"https:\/\/www.eikholt.no\/en\/wp-json\/wp\/v2\/course\/933","targetHints":{"allow":["GET"]}}],"collection":[{"href":"https:\/\/www.eikholt.no\/en\/wp-json\/wp\/v2\/course"}],"about":[{"href":"https:\/\/www.eikholt.no\/en\/wp-json\/wp\/v2\/types\/course"}],"wp:attachment":[{"href":"https:\/\/www.eikholt.no\/en\/wp-json\/wp\/v2\/media?parent=933"}],"curies":[{"name":"wp","href":"https:\/\/api.w.org\/{rel}","templated":true}]}}

<p>Hvem passer kurset for: Dette kurset er for deg med kombinert syns- og hørselsnedsettelse, og ønsker økt kunnskap om mobilitet som fagområdet.&nbsp;&nbsp; Er du nysgjerrig og vil utforske forskjellige hjelpemidler og strategier?&nbsp;&nbsp; Kurset holdes som en workshop. Det betyr at du som deltager er med på å utvikle ny kunnskap og innsikt sammen med en</p>

<!-- This site is optimized with the Yoast SEO plugin v25.8 - https://yoast.com/wordpress/plugins/seo/ -->
<title>Orientering og mobilitet - Eikholt</title>
<meta name="description" content="Orientering og mobilitet er et gruppekurs for deg med kombinert syns- og hørselsnedsettelse, og som ønsker økt kunnskap om mobilitet som fagområdet. Les om kurset og meld din interesse her:" />
<meta name="robots" content="index, follow, max-snippet:-1, max-image-preview:large, max-video-preview:-1" />
<link rel="canonical" href="https://www.eikholt.no/en/course/orientation-mobility/" />
<meta property="og:locale" content="en_GB" />
<meta property="og:type" content="article" />
<meta property="og:title" content="Orientering og mobilitet - Eikholt" />
<meta property="og:description" content="Orientering og mobilitet er et gruppekurs for deg med kombinert syns- og hørselsnedsettelse, og som ønsker økt kunnskap om mobilitet som fagområdet. Les om kurset og meld din interesse her:" />
<meta property="og:url" content="https://www.eikholt.no/en/course/orientation-mobility/" />
<meta property="og:site_name" content="Eikholt" />
<meta property="article:publisher" content="https://www.facebook.com/eikholt.kompetansesenter" />
<meta property="article:modified_time" content="2025-02-21T11:41:06+00:00" />
<meta name="twitter:card" content="summary_large_image" />
<meta name="twitter:label1" content="Est. reading time" />
	<meta name="twitter:data1" content="1 minute" />
<script type="application/ld+json" class="yoast-schema-graph">{"@context":"https://schema.org","@graph":[{"@type":"WebPage","@id":"https://www.eikholt.no/kurs/orientering-mobilitet/","url":"https://www.eikholt.no/kurs/orientering-mobilitet/","name":"Orientering og mobilitet - Eikholt","isPartOf":{"@id":"https://www.eikholt.no/#website"},"datePublished":"2024-09-19T09:56:56+00:00","dateModified":"2025-02-21T11:41:06+00:00","description":"Orientering og mobilitet er et gruppekurs for deg med kombinert syns- og hørselsnedsettelse, og som ønsker økt kunnskap om mobilitet som fagområdet. Les om kurset og meld din interesse her:","breadcrumb":{"@id":"https://www.eikholt.no/kurs/orientering-mobilitet/#breadcrumb"},"inLanguage":"en-GB","potentialAction":[{"@type":"ReadAction","target":["https://www.eikholt.no/kurs/orientering-mobilitet/"]}]},{"@type":"BreadcrumbList","@id":"https://www.eikholt.no/kurs/orientering-mobilitet/#breadcrumb","itemListElement":[{"@type":"ListItem","position":1,"name":"Forside","item":"https://www.eikholt.no/"},{"@type":"ListItem","position":2,"name":"Gruppekurs","item":"https://www.eikholt.no/gruppekurs/"},{"@type":"ListItem","position":3,"name":"Orientering og mobilitet"}]},{"@type":"WebSite","@id":"https://www.eikholt.no/#website","url":"https://www.eikholt.no/","name":"Eikholt","description":"","publisher":{"@id":"https://www.eikholt.no/#organization"},"potentialAction":[{"@type":"SearchAction","target":{"@type":"EntryPoint","urlTemplate":"https://www.eikholt.no/?s={search_term_string}"},"query-input":{"@type":"PropertyValueSpecification","valueRequired":true,"valueName":"search_term_string"}}],"inLanguage":"en-GB"},{"@type":"Organization","@id":"https://www.eikholt.no/#organization","name":"Eikholt","url":"https://www.eikholt.no/","logo":{"@type":"ImageObject","inLanguage":"en-GB","@id":"https://www.eikholt.no/#/schema/logo/image/","url":"https://www.eikholt.no/app/uploads/2024/04/cropped-Logo-Eikholt-ny.jpg","contentUrl":"https://www.eikholt.no/app/uploads/2024/04/cropped-Logo-Eikholt-ny.jpg","width":419,"height":209,"caption":"Eikholt"},"image":{"@id":"https://www.eikholt.no/#/schema/logo/image/"},"sameAs":["https://www.facebook.com/eikholt.kompetansesenter"]}]}</script>
<!-- / Yoast SEO plugin. -->

Orientering og mobilitet er et gruppekurs for deg med kombinert syns- og hørselsnedsettelse, og som ønsker økt kunnskap om mobilitet som fagområdet. Les om kurset og meld din interesse her:
